s -314384831 - 1?
-314384832
In base 4, what is 330333 - 221220?
103113
In base 9, what is -30487 - 4680?
-35277
In base 4, what is -21130020 + 12233121?
-2230233
In base 10, what is -148361 - -352?
-148009
In base 14, what is -108 + -c282?
-c38a
In base 4, what is -2032333 - -113110?
-1313223
In base 4, what is 11 + -320303001101?
-320303001030
In base 12, what is 137a27a46 + 0?
137a27a46
In base 12, what is a37042 - a?
a37034
In base 4, what is -2222 + 131032221?
131023333
In base 3, what is 220111 + -2210212020101?
-2210211022220
In base 7, what is 13132266613 - 0?
13132266613
In base 9, what is 3263821 + -1?
3263820
In base 13, what is -3218b - a?
-32198
In base 16, what is -c19 + 140?
-ad9
In base 4, what is 1 + -33123213012?
-33123213011
In base 3, what is -2021202102020 + 122?
-2021202101121
In base 6, what is -2532 - 402145?
-405121
In base 9, what is 600252 - 203?
600048
In base 13, what is -23114 - -135?
-22cac
In base 15, what is 195e + 3c0cc?
3da3b
In base 7, what is 22344310 - 45?
22344232
In base 3, what is -101110 - -2201002012?
2200200202
In base 14, what is 1b149704 + 5?
1b149709
In base 7, what is -361446653 + -5?
-361446661
In base 6, what is -1 + -302350040?
-302350041
In base 11, what is -27 + 830a47?
830a20
In base 9, what is 250574 + 18?
250603
In base 13, what is -2077 + -10bb7?
-12c61
In base 10, what is -31 + 476655?
476624
In base 16, what is 0 + -142819f0?
-142819f0
In base 2, what is -10001011010000110001 + 100010?
-10001011010000001111
In base 5, what is -210134414 - -244?
-210134120
In base 4, what is -113223 + -10133213?
-10313102
In base 16, what is -2 + 9daaa6?
9daaa4
In base 16, what is b + -92e9f?
-92e94
In base 7, what is 3126 - -33661?
40120
In base 15, what is 149815 + 7?
14981c
In base 14, what is -34040 - 2c?
-3406c
In base 7, what is 3203021 + 5003?
3211024
In base 4, what is 302023233303 - 0?
302023233303
In base 13, what is 38c223 - -170?
38c393
In base 11, what is 32714 + 422?
33036
In base 3, what is 1102010200112210 - -11?
1102010200112221
In base 3, what is 2111 + -222221121100?
-222221111212
In base 13, what is 25a4 + -342ac?
-31a08
In base 11, what is 1 - 2893341?
-2893340
In base 7, what is -5 - -13154201?
13154163
In base 12, what is -773358 - -7b?
-773299
In base 14, what is -1794043b - -3?
-17940438
In base 2, what is 1000011111101110 - -10001010100101?
1010101010010011
In base 6, what is -404000535 + 4?
-404000531
In base 15, what is -1b4aa7 - -16?
-1b4a91
In base 4, what is -213032222331 - 130?
-213032223121
In base 11, what is 17 + -15559a2?
-1555986
In base 7, what is -1436 - 215300?
-220036
In base 10, what is -31 + -455281?
-455312
In base 3, what is -1110011012000010 - 0?
-1110011012000010
In base 10, what is -7 + -45850473?
-45850480
In base 4, what is 30032 - 11010322?
-10320230
In base 14, what is 61ba + cc6?
70a2
In base 6, what is -14113 + 1532524?
1514411
In base 4, what is 0 + -1330113133302?
-1330113133302
In base 3, what is -10 - 2222210211021?
-2222210211101
In base 6, what is -101 + -5031253?
-5031354
In base 7, what is -16 - 3351144?
-3351163
In base 6, what is -34 - -2304302255?
2304302221
In base 8, what is 0 + -1471701434?
-1471701434
In base 16, what is -106 + 831?
72b
In base 14, what is -4 + 3021b4?
3021b0
In base 4, what is 13122220101 - -1023?
13122221130
In base 11, what is -3684 + 344?
-3340
In base 14, what is 415 + -1cc8?
-18b3
In base 7, what is -640422 + -11?
-640433
In base 11, what is -6869 - 262?
-7020
In base 16, what is -2818dff - -5?
-2818dfa
In base 2, what is 1101111000 + -1001001111101?
-111100000101
In base 6, what is 354514213 + -13?
354514200
In base 14, what is -4a - -128a9?
1285d
In base 6, what is 4054 + 10253133?
10301231
In base 9, what is -1055 + 35371?
34315
In base 6, what is 2411 + 42011?
44422
In base 16, what is 243 + -1e20d8?
-1e1e95
In base 8, what is -246672 + 5511?
-241161
In base 2, what is -101 - -1101000001011000100101?
1101000001011000100000
In base 4, what is 1323300030 + 33?
1323300123
In base 6, what is 41011240125 - 3?
41011240122
In base 3, what is 0 + 20121222000202?
20121222000202
In base 11, what is -167655 - 1?
-167656
In base 3, what is 10022022121022102 + 12?
10022022121022121
In base 12, what is -877b - -b6?
-8685
In base 16, what is 4c4c + 9f?
4ceb
In base 9, what is -40 - -228725?
228675
In base 7, what is 61320 - -2054?
63404
In base 15, what is 381 - -6bec?
707d
In base 12, what is 2ab6892 + -90?
2ab6802
In base 16, what is 3ce4 + 49?
3d2d
In base 6, what is 2 - 25220554?
-25220552
In base 4, what is 1102120033231 - -1?
1102120033232
In base 15, what is be + e591?
e660
In base 10, what is 27 - 37606?
-37579
In base 10, what is 54610 + 217?
54827
In base 11, what is 552a355 + 2?
552a357
In base 12, what is -2a68b646 + 7?
-2a68b63b
In base 9, what is 165533763 - 0?
165533763
In base 14, what is -9a1d - -8889?
-1174
In base 16, what is -d6b - -6aa1?
5d36
In base 8, what is 2710754 + 36?
2711012
In base 15, what is 6 - 476994a?
-4769944
In base 16, what is -56fe4 - -49?
-56f9b
In base 4, what is -2132 + 121013022?
121010230
In base 12, what is -6 + 8007171?
8007167
In base 13, what is -6 - 8306c?
-83075
In base 14, what is -dd763 + b6?
-dd68b
In base 10, what is 524 - 1716475?
-1715951
In base 15, what is -379633 - -42?
-3795e1
In base 8, what is 1 + -1022351?
-1022350
In base 7, what is -3 + -204141155?
-204141161
In base 3, what is 1102201 - 10012221?
-1210020
In base 7, what is -1020310 - -21?
-1020256
In base 16, what is -652502 + -4?
-652506
In base 7, what is 260632464 + 3?
260632500
In base 10, what is -159 - -3082044?
3081885
In base 13, what is -7 - 43cc3?
-43cca
In base 16, what is -b2 - -bd0?
b1e
In base 11, what is 773145 - -155?
77329a
In base 10, what is -292 + 29948?
29656
In base 3, what is 1102201220121201 + 11?
1102201220121212
In base 3, what is 121112221121 - 1212?
121112212202
In base 9, what is 432333 + -13?
432320
In base 2, what is -1000110010111011010110 + 0?
-1000110010111011010110
In base 7, what is -1 + -166005613?
-166005614
In base 12, what is 671 + 2407a0?
241251
In base 13, what is -1ac34c2 - 4?
-1ac34c6
In base 6, what is 1031155 + -353413?
233342
In base 12, what is 706854 + 30?
706884
In base 12, what is -1 + 7177a416?
7177a415
In base 12, what is a020971 - -2?
a020973
In base 6, what is 3 - 14341245?
-14341242
In base 9, what is 78554252 + 18?
78554271
In base 15, what is -1348 + cb7a?
b832
In base 9, what is 31 - 42775136?
-42775105
In base 3, what is -20012200101122 - 1?
-20012200101200
In base 6, what is 3 - 13130343?
-13130340
In base 13, what is -327199 - -48?
-327151
In base 10, what is 809808 - -80?
809888
In base 4, what is 3203033 + 213003?
10022102
In base 15, what is -c + -242976?
-242983
In base 10, what is -5 + 80016897?
80016892
In base 10, what is 3 - 7126231?
-7126228
In base 13, what is -12 - -361624?
361612
In base 5, what is 102244 - -22042?
124341
In base 10, what is -21723 + 33?
-21690
In base 8, what is -7527 + 15206?
5457
In base 12, what is -3782 + -101?
-3883
In base 15, what is 1b + 13ba65?
13ba81
In base 15, what is -5 + 3d5e9bc?
3d5e9b7
In base 7, what is -4 + 55323351?
55323344
In base 11, what is -1619 + -4655?
-6173
In base 13, what is c3b901 + 52?
c3b953
In base 14, what is -27 + -2c27b?
-2c2a4
In base 11, what is -134a05785 - 3?
-134a05788
In base 16, what is 24 - a9ac6?
-a9aa2
In base 4, what is 1022213133 + -121101?
1022032032
In base 2, what is 101101110100 - -10011000010011111?
10011110000010011
In base 14, what is -10 + -ba5032?
-ba5042
In base 4, what is 112133 - 3112000?
-2333201
In base 15, what is -9 - -3c3d?
3c34
In base 13, what is 4 + -33135a?
-331356
In base 4, what is 11223 + -1310123021?
-1310111132
In base 4, what is -11112 - 102312311130?
-102312322302
In base 14, what is 7c3 + -18430?
-17a4b
In base 6, what is -3 + -2242143220?
-2242143223
In base 4, what is 10 - 22233103312?
-22233103302
In base 10, what is 378725 + 2046?
380771
In base 16, what is 625ec + -7?
625e5
In base 4, what is -123003103103 - -120?
-123003102323
In base 6, what is -334525453 + 0?
-334525453
In base 4, what is 1131 + -31211301?
-31210110
In base 6, what is 15232 + 214520?
234152
In base 3, what is -110 - 22210101202220?
-22210101210100
In base 14, wha